it of 1693?
6
What is the hundreds digit of 10647?
6
What is the hundreds digit of 194?
1
What is the tens digit of 4544?
4
What is the units digit of 1422?
2
What is the units digit of 995?
5
What is the units digit of 1650?
0
What is the units digit of 4470?
0
What is the ten thousands digit of 33415?
3
What is the units digit of 4785?
5
What is the hundreds digit of 1398?
3
What is the tens digit of 550?
5
What is the tens digit of 17261?
6
What is the tens digit of 3439?
3
What is the units digit of 20921?
1
What is the units digit of 1044?
4
What is the hundreds digit of 9105?
1
What is the hundreds digit of 2391?
3
What is the hundreds digit of 43150?
1
What is the thousands digit of 1420?
1
What is the ten thousands digit of 137904?
3
What is the tens digit of 3802?
0
What is the units digit of 7168?
8
What is the ten thousands digit of 13270?
1
What is the tens digit of 432?
3
What is the hundreds digit of 166?
1
What is the tens digit of 955?
5
What is the hundreds digit of 16416?
4
What is the units digit of 1353?
3
What is the hundreds digit of 28821?
8
What is the units digit of 77274?
4
What is the units digit of 15909?
9
What is the tens digit of 47?
4
What is the hundreds digit of 921?
9
What is the hundreds digit of 6172?
1
What is the tens digit of 137?
3
What is the thousands digit of 17090?
7
What is the tens digit of 952?
5
What is the units digit of 355?
5
What is the thousands digit of 7378?
7
What is the units digit of 43?
3
What is the thousands digit of 1086?
1
What is the units digit of 345?
5
What is the ten thousands digit of 42147?
4
What is the units digit of 2082?
2
What is the hundreds digit of 4660?
6
What is the tens digit of 1100?
0
What is the hundreds digit of 714?
7
What is the units digit of 590?
0
What is the hundreds digit of 742?
7
What is the tens digit of 5988?
8
What is the hundreds digit of 35963?
9
What is the tens digit of 3535?
3
What is the hundreds digit of 1319?
3
What is the ten thousands digit of 54140?
5
What is the units digit of 2971?
1
What is the thousands digit of 132916?
2
What is the units digit of 98835?
5
What is the thousands digit of 11140?
1
What is the ten thousands digit of 29145?
2
What is the thousands digit of 19348?
9
What is the tens digit of 1729?
2
What is the units digit of 5202?
2
What is the ten thousands digit of 34484?
3
What is the tens digit of 3273?
7
What is the hundreds digit of 1714?
7
What is the hundreds digit of 360?
3
What is the hundreds digit of 4515?
5
What is the ten thousands digit of 10233?
1
What is the thousands digit of 1178?
1
What is the hundreds digit of 3301?
3
What is the hundreds digit of 575?
5
What is the hundreds digit of 30027?
0
What is the units digit of 8001?
1
What is the ten thousands digit of 10882?
1
What is the thousands digit of 5885?
5
What is the thousands digit of 1400?
1
What is the hundreds digit of 35519?
5
What is the thousands digit of 1657?
1
What is the units digit of 41843?
3
What is the hundreds digit of 4178?
1
What is the hundreds digit of 26908?
9
What is the units digit of 6?
6
What is the tens digit of 1778?
7
What is the hundreds digit of 9059?
0
What is the tens digit of 1030?
3
What is the units digit of 5508?
8
What is the units digit of 1606?
6
What is the tens digit of 810?
1
What is the hundreds digit of 25468?
4
What is the hundreds digit of 1196?
1
What is the thousands digit of 5259?
5
What is the tens digit of 59924?
2
What is the hundreds digit of 7789?
7
What is the units digit of 37511?
1
What is the ten thousands digit of 45658?
4
What is the tens digit of 13793?
9
What is the units digit of 36609?
9
What is the hundreds digit of 1391?
3
What is the units digit of 5795?
5
What is the ten thousands digit of 15416?
1
What is the hundreds digit of 661?
6
What is the units digit of 2885?
5
What is the hundreds digit of 11974?
9
What is the thousands digit of 13309?
3
What is the tens digit of 23816?
1
What is the tens digit of 532?
3
What is the thousands digit of 3284?
3
What is the tens digit of 4586?
8
What is the hundreds digit of 157?
1
What is the thousands digit of 50523?
0
What is the hundreds digit of 18908?
9
What is the hundreds digit of 1485?
4
What is the ten thousands digit of 27853?
2
What is the thousands digit of 41186?
1
What is the tens digit of 25735?
3
What is the thousands digit of 4567?
4
What is the thousands digit of 3510?
3
What is the thousands digit of 15562?
5
What is the tens digit of 481?
8
What is the ten thousands digit of 95005?
9
What is the hundreds digit of 7438?
4
What is the ten thousands digit of 33090?
3
What is the units digit of 21?
1
What is the tens digit of 3005?
0
What is the hundreds digit of 347?
3
What is the hundreds digit of 8738?
7
What is the tens digit of 4991?
9
What is the hundreds digit of 88830?
8
What is the hundreds digit of 31371?
3
What is the thousands digit of 10438?
0
What is the units digit of 186?
6
What is the units digit of 25814?
4
What is the thousands digit of 11112?
1
What is the thousands digit of 5178?
5
What is the hundreds digit of 4291?
2
What is the thousands digit of 16921?
6
What is the units digit of 1594?
4
What is the units digit of 840?
0
What is the thousands digit of 3213?
3
What is the thousands digit of 25743?
5
What is the thousands digit of 14386?
4
What is the hundreds digit of 1564?
5
What is the tens digit of 2294?
9
What is the thousands digit of 2325?
2
What is the tens digit of 13228?
2
What is the thousands digit of 8152?
8
What is the tens digit of 7138?
3
What is the thousands digit of 13116?
3
What is the hundreds digit of 33939?
9
What is the thousands digit of 60217?
0
What is the hundreds digit of 12952?
9
What is the units digit of 119802?
2
What is the hundreds digit of 355?
3
What is the hundreds digit of 28963?
9
What is the thousands digit of 9135?
9
What is the units digit of 434?
4
What is the thousands digit of 1510?
1
What is the hundreds digit of 2368?
3
What is the tens digit of 58553?
5
What is the hundreds digit of 28926?
9
What is the units digit of 50890?
0
What is the units digit of 1623?
3
What is the thousands digit of 12005?
2
What is the hundreds digit of 909?
9
What is the thousands digit of 2382?
2
What is the hundreds digit of 17265?
2
What is the units digit of 39141?
1
What is the hundreds digit of 7086?
0
What is the thousands digit of 5397?
5
What is the hundreds digit of 370?
3
What is the hundreds digit of 41274?
2
What is the tens digit of 2853?
5
What is the hundreds digit of 1012?
0
What is the units digit of 2224?
4
What is the tens digit of 62858?
5
What is the tens digit of 3926?
2
What is the hundreds digit of 6086?
0
What is the units digit of 24980?
0
What is the tens digit of 5072?
7
What is the tens digit of 281?
8
What is the units digit of 51498?
8
What is the units digit of 37201?
1
What is the hundreds digit of 87102?
1
What is the tens digit of 1382?
8
What is the thousands digit of 112875?
2
What is the units digit of 9431?
1
What is the units digit of 2470?
0
What is the units digit of 1951?
1
What is the ten thousands digit of 16828?
1
What is the units digit of 1859?
9
What is the tens digit of 4813?
1
What is the units digit of 54501?
1
What is the thousands digit of 3537?
3
What is the units digit of 852?
2
What is the units digit of 982?
2
What is the tens digit of 10173?
7
What is the units digit of 245?
5
What is the hundreds digit of 958?
9
What is the hundreds digit of 502?
5
What is the hundreds digit of 1048?
0
What is the tens digit of 2465?
6
What is the hundreds digit of 1410?
4
What is the tens digit of 35300?
0
What is the units digit of 12050?
0
What is the hundreds digit of 1626?
6
What is the units digit of 3531?
1
What is the hundreds digit of 1450?
4
What is the hundreds digit of 7715?
7
What is the tens digit of 27409?
0
What is the thousands digit of 15748?
5
What is the thousands digit of 92460?
2
What is the thousands digit of 4502?
4
What is the tens digit of 21239?
3
What is the units digit of 3779?
9
What is the units digit of 308?
8
What is the tens digit of 2112?
1
What is the tens digit of 627?
2
What is the hundreds digit of 680?
6
What is the hundreds digit of 3201?
2
What is the tens digit of 89?
8
What is the t